{"id":389,"date":"2022-11-07T23:22:21","date_gmt":"2022-11-07T20:22:21","guid":{"rendered":"https:\/\/www.ambalajbursa.com\/magaza2\/magaza\/urun\/kategorilenmemis\/import-placeholder-for-8061"},"modified":"2026-03-08T20:26:22","modified_gmt":"2026-03-08T17:26:22","slug":"ceyrek-altin-resimli-ceyrek-altin-kutusu","status":"publish","type":"product","link":"https:\/\/www.ambalajbursa.com\/magaza\/urun\/ceyrek-altin-resimli-ceyrek-altin-kutusu\/","title":{"rendered":"\u00c7eyrek Alt\u0131n Resimli \u00c7eyrek Kutusu"},"content":{"rendered":"<h2>\u00c7eyrek Alt\u0131n Resimli \u00c7eyrek Alt\u0131n Kutusu<\/h2>\n<p>Her pakette 100 adet<br \/>\n\u0130\u00e7i s\u00fcngerli<\/p>\n","protected":false},"excerpt":{"rendered":"<p>\u00c7eyrek Alt\u0131n Resimli \u00c7eyrek Alt\u0131n Kutusu<\/p>\n<p><img loading=\"lazy\" decoding=\"async\" class=\"alignnone size-medium wp-image-11722\" src=\"https:\/\/www.ambalajbursa.com\/magaza\/wp-content\/uploads\/2020\/01\/\u00f6deme-2-300x191.jpg\" alt=\"\" width=\"300\" height=\"191\" \/> <img loading=\"lazy\" decoding=\"async\" class=\"alignnone size-full wp-image-11729\" src=\"https:\/\/www.ambalajbursa.com\/magaza\/wp-content\/uploads\/2020\/01\/\u00dc\u00e7-g\u00fcn\u00fcnde-kargoda-1.jpg\" alt=\"\" width=\"125\" height=\"64\" \/><\/p>\n","protected":false},"featured_media":253,"comment_status":"open","ping_status":"closed","template":"","meta":[],"product_brand":[],"product_cat":[28,29,897],"product_tag":[87,89],"class_list":{"0":"post-389","1":"product","2":"type-product","3":"status-publish","4":"has-post-thumbnail","6":"product_cat-karton-kutular","7":"product_cat-standart-firma-baskisiz-urunler","8":"product_cat-taki-kutusu","9":"product_tag-ceyrek-altin-kutusu","10":"product_tag-ceyrek-altin-resimli-ceyrek-altin-kutusu","12":"entry","13":"has-media","15":"first","16":"outofstock","17":"featured","18":"taxable","19":"shipping-taxable","20":"purchasable","21":"product-type-simple","22":"has-rating","23":"has-product-nav","24":"col","25":"span_1_of_5","26":"owp-content-center","27":"owp-thumbs-layout-vertical","28":"owp-btn-normal","29":"owp-tabs-layout-horizontal","31":"circle-sale"},"_links":{"self":[{"href":"https:\/\/www.ambalajbursa.com\/magaza\/wp-json\/wp\/v2\/product\/389","targetHints":{"allow":["GET"]}}],"collection":[{"href":"https:\/\/www.ambalajbursa.com\/magaza\/wp-json\/wp\/v2\/product"}],"about":[{"href":"https:\/\/www.ambalajbursa.com\/magaza\/wp-json\/wp\/v2\/types\/product"}],"replies":[{"embeddable":true,"href":"https:\/\/www.ambalajbursa.com\/magaza\/wp-json\/wp\/v2\/comments?post=389"}],"wp:featuredmedia":[{"embeddable":true,"href":"https:\/\/www.ambalajbursa.com\/magaza\/wp-json\/wp\/v2\/media\/253"}],"wp:attachment":[{"href":"https:\/\/www.ambalajbursa.com\/magaza\/wp-json\/wp\/v2\/media?parent=389"}],"wp:term":[{"taxonomy":"product_brand","embeddable":true,"href":"https:\/\/www.ambalajbursa.com\/magaza\/wp-json\/wp\/v2\/product_brand?post=389"},{"taxonomy":"product_cat","embeddable":true,"href":"https:\/\/www.ambalajbursa.com\/magaza\/wp-json\/wp\/v2\/product_cat?post=389"},{"taxonomy":"product_tag","embeddable":true,"href":"https:\/\/www.ambalajbursa.com\/magaza\/wp-json\/wp\/v2\/product_tag?post=389"}],"curies":[{"name":"wp","href":"https:\/\/api.w.org\/{rel}","templated":true}]}}