{"id":14467,"date":"2024-07-03T23:57:02","date_gmt":"2024-07-03T20:57:02","guid":{"rendered":"https:\/\/www.ambalajbursa.com\/magaza\/?post_type=product&#038;p=14467"},"modified":"2025-12-18T05:38:45","modified_gmt":"2025-12-18T02:38:45","slug":"kraft-poset-canta-renkleri-ebatlari-fiyatlari","status":"publish","type":"product","link":"https:\/\/www.ambalajbursa.com\/magaza\/urun\/kraft-poset-canta-renkleri-ebatlari-fiyatlari\/","title":{"rendered":"Kraft Po\u015fet &#8211; \u00c7anta Renkleri Ebatlar\u0131 Fiyatlar\u0131"},"content":{"rendered":"<h2>Kraft Po\u015fet &#8211; \u00c7anta Renkleri Ebatlar\u0131 Fiyatlar\u0131<\/h2>\n<p>Her \u00fcr\u00fcn\u00fcn daha farkl\u0131 adet se\u00e7enekleri i\u00e7in, her \u00fcr\u00fcn\u00fcn kendi sayfas\u0131na gidiniz.<br \/>\nBu kategoriye ait \u00fcr\u00fcnlerimiz 90 gr m\u00b2 <strong>%100<\/strong> <strong>ORJ\u0130NAL<\/strong> kraft ka\u011f\u0131ttan \u00fcretilmi\u015ftir.<br \/>\n<strong>\u00dcr\u00fcnlerimizde Kesinlikle kar\u0131\u015f\u0131m yoktur.<\/strong><br \/>\nDayan\u0131kl\u0131 kar\u0131\u015f\u0131ms\u0131z kraft oldu\u011fundan sa\u011flam ve ta\u015f\u0131ma kapasitesi y\u00fcksektir.<\/p>\n<p>Her \u00fcr\u00fcn\u00fcn kendi sayfas\u0131na gitmenin h\u0131zl\u0131 yolu<br \/>\nkategori\/\u00f6l\u00e7\u00fc<\/p>\n<p>&nbsp;<\/p>\n<ol>\n<li><strong><a href=\"https:\/\/www.ambalajbursa.com\/magaza\/urun-kategori\/kagit-poset-kagit-canta\/naturel-kraft\/\">ESMER KRAFTLAR<\/a><\/strong><\/li>\n<li><a href=\"https:\/\/www.ambalajbursa.com\/magaza\/urun-kategori\/kagit-poset-kagit-canta\/beyaz-kraft\/\"><strong>BEYAZ KRAFTLAR<\/strong><\/a><\/li>\n<\/ol>\n<ol>\n<li><a href=\"https:\/\/www.ambalajbursa.com\/magaza\/urun-kategori\/kagit-poset-kagit-canta\/bukum-sapli\/\"><strong>B\u00dcK\u00dcM SAPLILAR<\/strong><\/a><\/li>\n<li><a href=\"https:\/\/www.ambalajbursa.com\/magaza\/urun-kategori\/kagit-poset-kagit-canta\/duz-sapli-poset\/\"><strong>D\u00dcZ SAPLILAR<\/strong><\/a><\/li>\n<\/ol>\n<ul class=\"children\">\n<li class=\"cat-item cat-item-384\"><a href=\"https:\/\/www.ambalajbursa.com\/magaza\/urun-kategori\/kagit-poset-kagit-canta\/kraft-poset-18x24x8\/\">18x24x8 Kraft po\u015fet<\/a><\/li>\n<li><a href=\"https:\/\/www.ambalajbursa.com\/magaza\/urun\/duz-sapli-kagit-poset-18x23x9\/\">19x23x9 Kraft po\u015fet<\/a><\/li>\n<li class=\"cat-item cat-item-453\"><a href=\"https:\/\/www.ambalajbursa.com\/magaza\/urun-kategori\/kagit-poset-kagit-canta\/kaft-poset-25x31x12\/\">25x31x12 Kraft po\u015fet<\/a><\/li>\n<li class=\"cat-item cat-item-452\"><a href=\"https:\/\/www.ambalajbursa.com\/magaza\/urun-kategori\/kagit-poset-kagit-canta\/kraft-poset-31x41x12\/\">31x41x12 Kraft po\u015fet<\/a><\/li>\n<li class=\"cat-item cat-item-451\"><a href=\"https:\/\/www.ambalajbursa.com\/magaza\/urun-kategori\/kagit-poset-kagit-canta\/27x30x16\/\">27x30x16 Kraft po\u015fet<\/a><\/li>\n<\/ul>\n<ul class=\"children\">\n<li class=\"cat-item cat-item-392\"><a href=\"https:\/\/www.ambalajbursa.com\/magaza\/urun-kategori\/kagit-poset-kagit-canta\/esmer-kraft-poset\/\">Esmer (Nat\u00fcrel) Kraft Po\u015fet<\/a><\/li>\n<li class=\"cat-item cat-item-391\"><a href=\"https:\/\/www.ambalajbursa.com\/magaza\/urun-kategori\/kagit-poset-kagit-canta\/beyaz-renk-kraft-poset\/\">Beyaz renk kraft po\u015fet<\/a><\/li>\n<li class=\"cat-item cat-item-397\"><a href=\"https:\/\/www.ambalajbursa.com\/magaza\/urun-kategori\/kagit-poset-kagit-canta\/siyah-renk-kraft-poset\/\">Siyah renk kraft po\u015fet<\/a><\/li>\n<li class=\"cat-item cat-item-393\"><a href=\"https:\/\/www.ambalajbursa.com\/magaza\/urun-kategori\/kagit-poset-kagit-canta\/kirmizi-renk-kraft-poset\/\">K\u0131rm\u0131z\u0131 renk kraft po\u015fet<\/a><\/li>\n<li class=\"cat-item cat-item-394\"><a href=\"https:\/\/www.ambalajbursa.com\/magaza\/urun-kategori\/kagit-poset-kagit-canta\/lacivert-renk-kraft-poset\/\">Lacivert renk kraft po\u015fet<\/a><\/li>\n<li class=\"cat-item cat-item-395\"><a href=\"https:\/\/www.ambalajbursa.com\/magaza\/urun-kategori\/kagit-poset-kagit-canta\/mor-renk-kraft-poset\/\">Mor renk kraft po\u015fet<\/a><\/li>\n<li class=\"cat-item cat-item-396\"><a href=\"https:\/\/www.ambalajbursa.com\/magaza\/urun-kategori\/kagit-poset-kagit-canta\/sari-renk-kraft-poset\/\">Sar\u0131 renk kraft po\u015fet<\/a><\/li>\n<li class=\"cat-item cat-item-398\"><a href=\"https:\/\/www.ambalajbursa.com\/magaza\/urun-kategori\/kagit-poset-kagit-canta\/turuncu-renk-kraft-poset\/\">Turuncu renk kraft po\u015fet<\/a><\/li>\n<li class=\"cat-item cat-item-469\"><a href=\"https:\/\/www.ambalajbursa.com\/magaza\/urun-kategori\/kagit-poset-kagit-canta\/yesil-renk-kraft-poset\/\">Ye\u015fil renk kraft po\u015fet<\/a><\/li>\n<\/ul>\n<p>&nbsp;<\/p>\n<p>Bu \u00fcr\u00fcne bask\u0131 yapt\u0131rabilirsiniz.<br \/>\nBask\u0131 \u00f6rneklerimiz ve bask\u0131 \u00fccretleri<br \/>\n<a href=\"https:\/\/www.ambalajbursa.com\/magaza\/urun\/kagit-poset-baski-ucreti\/\">Ka\u011f\u0131t po\u015fet bask\u0131 \u00fccreti<\/a><\/p>\n","protected":false},"excerpt":{"rendered":"<p>Kraft Po\u015fet &#8211; \u00c7anta Renkleri Ebatlar\u0131 Fiyatlar\u0131<br \/>\nDaha fazla <strong><a href=\"#tab-description\">Detay<\/a><\/strong><br \/>\nKraft po\u015fet renkleri, Kraft po\u015fet \u00f6l\u00e7\u00fcleri, Kraft \u00e7anta Renkleri, Kraft \u00e7anta \u00f6l\u00e7\u00fcleri<\/p>\n","protected":false},"featured_media":16199,"comment_status":"open","ping_status":"closed","template":"","meta":[],"product_brand":[],"product_cat":[61,377,376,379,378],"product_tag":[743,746,745,744,448,710,711,709,218,443,708,707,442,703,441,69,704,706,705,449,445,447,446,444],"class_list":{"0":"post-14467","1":"product","2":"type-product","3":"status-publish","4":"has-post-thumbnail","6":"product_cat-kagit-poset-kagit-canta","7":"product_cat-beyaz-kraft","8":"product_cat-bukum-sapli","9":"product_cat-duz-sapli-poset","10":"product_cat-naturel-kraft","11":"product_tag-40x12x40-kraft-poset","12":"product_tag-45x15x33-kraft-poset","13":"product_tag-52x15x52-kraft-canta","14":"product_tag-52x15x52-kraft-poset","15":"product_tag-canta","16":"product_tag-ekose-kraft-canta","17":"product_tag-ekose-kraft-kagit","18":"product_tag-ekose-kraft-poset","19":"product_tag-kraft","20":"product_tag-kraft-canta","21":"product_tag-kraft-canta-olculeri","22":"product_tag-kraft-canta-renkleri","23":"product_tag-kraft-kagit-cantalar","24":"product_tag-kraft-kagit-poset-renkleri-ve-olculeri","25":"product_tag-kraft-kagit-posetler","26":"product_tag-kraft-poset","27":"product_tag-kraft-poset-canta-renkleri-ve-olculeri","28":"product_tag-kraft-poset-olculeri","29":"product_tag-kraft-poset-renkleri","30":"product_tag-poset","31":"product_tag-renkli-canta","32":"product_tag-renkli-kraft-canta","33":"product_tag-renkli-kraft-poset","34":"product_tag-renli-poset","35":"pa_olcu-18x24x8-cm","36":"pa_olcu-25x31x12-cm","37":"pa_olcu-29x29x15-cm","38":"pa_olcu-31x41x12-cm","39":"pa_olcu-32x32x20-cm","40":"pa_olcu-38x36x25-cm","41":"pa_olcu-40x12x40","42":"pa_olcu-45x15x33","43":"pa_olcu-52x15x52","44":"pa_olcu-d-18x23x9","45":"pa_olcu-d-27x30x16-cm","46":"pa_olcu-d-33x20x33-cm","47":"pa_renk-beyaz","48":"pa_renk-bordo","49":"pa_renk-ekose","50":"pa_renk-esmer","51":"pa_renk-kirmizi","52":"pa_renk-lacivert","53":"pa_renk-mor","54":"pa_renk-sari","55":"pa_renk-siyah","56":"pa_renk-turuncu","57":"pa_renk-yesil","59":"entry","60":"has-media","62":"first","63":"instock","64":"featured","65":"taxable","66":"shipping-taxable","67":"purchasable","68":"product-type-variable","69":"has-default-attributes","70":"has-product-nav","71":"col","72":"span_1_of_5","73":"owp-content-center","74":"owp-thumbs-layout-vertical","75":"owp-btn-normal","76":"owp-tabs-layout-horizontal","77":"has-no-thumbnails","79":"circle-sale"},"_links":{"self":[{"href":"https:\/\/www.ambalajbursa.com\/magaza\/wp-json\/wp\/v2\/product\/14467","targetHints":{"allow":["GET"]}}],"collection":[{"href":"https:\/\/www.ambalajbursa.com\/magaza\/wp-json\/wp\/v2\/product"}],"about":[{"href":"https:\/\/www.ambalajbursa.com\/magaza\/wp-json\/wp\/v2\/types\/product"}],"replies":[{"embeddable":true,"href":"https:\/\/www.ambalajbursa.com\/magaza\/wp-json\/wp\/v2\/comments?post=14467"}],"wp:featuredmedia":[{"embeddable":true,"href":"https:\/\/www.ambalajbursa.com\/magaza\/wp-json\/wp\/v2\/media\/16199"}],"wp:attachment":[{"href":"https:\/\/www.ambalajbursa.com\/magaza\/wp-json\/wp\/v2\/media?parent=14467"}],"wp:term":[{"taxonomy":"product_brand","embeddable":true,"href":"https:\/\/www.ambalajbursa.com\/magaza\/wp-json\/wp\/v2\/product_brand?post=14467"},{"taxonomy":"product_cat","embeddable":true,"href":"https:\/\/www.ambalajbursa.com\/magaza\/wp-json\/wp\/v2\/product_cat?post=14467"},{"taxonomy":"product_tag","embeddable":true,"href":"https:\/\/www.ambalajbursa.com\/magaza\/wp-json\/wp\/v2\/product_tag?post=14467"}],"curies":[{"name":"wp","href":"https:\/\/api.w.org\/{rel}","templated":true}]}}